90?
15
What is the highest common factor of 1769 and 261?
29
Calculate the greatest common factor of 107 and 44833.
107
What is the greatest common divisor of 371 and 53?
53
What is the greatest common divisor of 54 and 81?
27
What is the greatest common factor of 26 and 715?
13
Calculate the greatest common factor of 970 and 17654.
194
What is the highest common factor of 27 and 39?
3
What is the greatest common divisor of 360 and 16?
8
What is the highest common divisor of 4 and 440?
4
What is the highest common factor of 22 and 1606?
22
What is the highest common factor of 189 and 49?
7
Calculate the highest common factor of 4554 and 782.
46
Calculate the highest common divisor of 1037 and 17.
17
What is the greatest common divisor of 100 and 150?
50
What is the highest common divisor of 55 and 25?
5
What is the greatest common factor of 25 and 300?
25
Calculate the greatest common divisor of 36 and 396.
36
What is the greatest common divisor of 675 and 375?
75
What is the highest common divisor of 19 and 3515?
19
Calculate the highest common divisor of 682 and 155.
31
What is the greatest common factor of 7693 and 49?
49
What is the highest common factor of 24 and 1372?
4
Calculate the greatest common divisor of 12 and 66.
6
What is the greatest common divisor of 10 and 160?
10
What is the highest common factor of 54 and 70?
2
Calculate the greatest common factor of 891 and 33.
33
Calculate the greatest common factor of 114303 and 21.
21
Calculate the highest common factor of 52 and 286.
26
Calculate the greatest common factor of 9990 and 40.
10
What is the highest common divisor of 2511 and 81?
81
Calculate the greatest common divisor of 2212 and 28.
28
What is the greatest common divisor of 224 and 2208?
32
Calculate the highest common factor of 11513 and 29.
29
What is the greatest common divisor of 87 and 58?
29
What is the highest common divisor of 25 and 725?
25
Calculate the highest common factor of 2668 and 644.
92
Calculate the greatest common factor of 116 and 7076.
116
Calculate the highest common divisor of 56 and 24.
8
What is the highest common divisor of 29312 and 256?
128
What is the highest common divisor of 1055 and 5?
5
Calculate the greatest common divisor of 1038 and 6.
6
What is the highest common divisor of 63 and 1458?
9
What is the highest common divisor of 342 and 36?
18
Calculate the highest common divisor of 158 and 3634.
158
Calculate the highest common divisor of 962 and 407.
37
What is the highest common factor of 8125 and 195?
65
Calculate the highest common divisor of 975 and 120.
15
What is the greatest common divisor of 1360 and 160?
80
What is the greatest common factor of 1043 and 14?
7
Calculate the highest common factor of 38 and 323.
19
Calculate the greatest common divisor of 34 and 17.
17
Calculate the highest common factor of 286 and 22.
22
Calculate the greatest common divisor of 5826 and 6.
6
Calculate the greatest common factor of 987 and 42.
21
Calculate the highest common divisor of 120 and 2248.
8
What is the highest common divisor of 10 and 60130?
10
Calculate the highest common divisor of 7 and 1169.
7
What is the greatest common factor of 125 and 180?
5
Calculate the highest common divisor of 9 and 1041.
3
Calculate the highest common divisor of 25 and 5075.
25
What is the highest common factor of 432 and 27?
27
What is the highest common divisor of 3196 and 68?
68
What is the highest common factor of 22 and 13035?
11
What is the greatest common divisor of 197 and 3?
1
What is the highest common divisor of 22 and 1958?
22
Calculate the greatest common divisor of 33 and 6.
3
What is the greatest common divisor of 1235 and 57?
19
What is the highest common factor of 410 and 680?
10
What is the greatest common divisor of 901 and 2756?
53
What is the highest common divisor of 24 and 27120?
24
What is the highest common factor of 832 and 48?
16
What is the greatest common factor of 738 and 882?
18
What is the greatest common divisor of 164 and 264?
4
Calculate the greatest common divisor of 78 and 9984.
78
Calculate the highest common factor of 48 and 120.
24
What is the highest common divisor of 71 and 7?
1
What is the greatest common factor of 6 and 36?
6
What is the highest common factor of 1379 and 5713?
197
Calculate the highest common factor of 76 and 646.
38
Calculate the highest common factor of 13 and 845.
13
Calculate the greatest common factor of 48 and 36.
12
Calculate the greatest common divisor of 322 and 120106.
322
Calculate the greatest common factor of 507 and 429.
39
Calculate the greatest common divisor of 21 and 48.
3
What is the greatest common divisor of 543 and 9?
3
Calculate the greatest common factor of 3087 and 225.
9
What is the highest common factor of 3248 and 64?
16
What is the highest common divisor of 112 and 98?
14
What is the greatest common divisor of 4 and 523?
1
Calculate the highest common divisor of 55 and 2717.
11
Calculate the greatest common divisor of 15 and 55.
5
Calculate the highest common divisor of 3074 and 318.
106
Calculate the greatest common divisor of 282 and 2773.
47
What is the highest common divisor of 284 and 6?
2
What is the greatest common factor of 215 and 172?
43
What is the highest common divisor of 3 and 19?
1
What is the greatest common divisor of 19 and 19?
19
What is the greatest common divisor of 909 and 202?
101
What is the highest common divisor of 6520 and 10?
10
What is the highest common divisor of 321 and 24?
3
What is the highest common divisor of 39 and 130?
13
What is the greatest common factor of 30 and 123?
3
What is the greatest common factor of 99 and 1551?
33
Calculate the highest common factor of 221 and 13.
13
Calculate the highest common divisor of 1036 and 28.
28
Calculate the greatest common divisor of 280 and 245.
35
Calculate the greatest common factor of 196 and 539.
49
Calculate the greatest common factor of 64 and 38.
2
What is the greatest common divisor of 451 and 205?
41
What is the greatest common factor of 534 and 6?
6
Calculate the greatest common divisor of 285 and 475.
95
What is the greatest common factor of 89406 and 18?
18
What is the greatest common divisor of 8 and 4552?
8
What is the greatest common factor of 1064 and 76?
76
What is the greatest common divisor of 236 and 388?
4
What is the greatest common divisor of 748 and 119?
17
Calculate the highest common divisor of 228 and 114.
114
Calculate the greatest common factor of 7 and 112.
7
What is the highest common divisor of 5 and 1549?
1
What is the highest common factor of 315 and 3290?
35
What is the highest common divisor of 2975 and 238?
119
What is the highest common factor of 9425 and 100?
25
Calculate the highest common factor of 70 and 44870.
70
What is the greatest common divisor of 72 and 405?
9
Calculate the greatest common factor of 8 and 132.
4
What is the greatest common factor of 10535 and 86?
43
Calculate the greatest common divisor of 484 and 132.
44
What is the highest common factor of 58 and 377?
29
Calculate the highest common divisor of 114 and 2622.
114
Calculate the greatest common factor of 10 and 49570.
10
What is the highest common divisor of 34 and 85?
17
Calculate the greatest common divisor of 3949 and 11.
11
Calculate the greatest common factor of 39 and 3.
3
Calculate the highest common factor of 36 and 432.
36
What is the greatest common divisor of 21700 and 31?
31
Calculate the highest common divisor of 391 and 17.
17
Calculate the highest common divisor of 2491 and 53.
53
Calculate the highest common factor of 465 and 240.
15
What is the greatest common divisor of 2935 and 5?
5
What is the greatest common factor of 110 and 242?
22
What is the highest common divisor of 874 and 46?
46
What is the greatest common factor of 47489 and 169?
169
Calculate the highest common factor of 297 and 783.
27
What is the greatest common divisor of 3150 and 5?
5
What is the highest common divisor of 754 and 116?
58
Calculate the greatest common factor of 588 and 1092.
84
What is the greatest common factor of 39 and 559?
13
Calculate the highest common divisor of 5110 and 35.
35
What is the highest common divisor of 216 and 576?
72
Calculate the greatest common divisor of 90 and 720.
90
What is the highest common div